 base 7, what is 5 + 0?
5
In base 2, what is 10100111001100 - 11?
10100111001001
In base 12, what is -352 + 2?
-350
In base 6, what is -4 + 312?
304
In base 13, what is -46 + ca?
84
In base 5, what is 3 + -132?
-124
In base 10, what is 1 + 28?
29
In base 11, what is -50 - 2?
-52
In base 15, what is -7 - 8?
-10
In base 8, what is -5 + -524?
-531
In base 11, what is 57 - -3?
5a
In base 14, what is a + d?
19
In base 3, what is 1000020 - 1210?
221110
In base 7, what is -1066 - -2?
-1064
In base 3, what is -120 + 0?
-120
In base 13, what is 2 - 49?
-47
In base 16, what is 7 + -1ec?
-1e5
In base 9, what is -10 - 471?
-481
In base 16, what is -4d - -b?
-42
In base 10, what is -3 + -348?
-351
In base 5, what is 2 - 10?
-3
In base 14, what is 11 + -4?
b
In base 16, what is 1 + -f4?
-f3
In base 9, what is -5 - 221?
-226
In base 6, what is 111 + 12?
123
In base 4, what is 2 + -232?
-230
In base 11, what is -4 - -16?
12
In base 16, what is e - c0?
-b2
In base 8, what is 10015 + 2?
10017
In base 5, what is -31221 - 1?
-31222
In base 8, what is -45067 - 3?
-45072
In base 5, what is -1201 - -1?
-1200
In base 2, what is -11001 + 101?
-10100
In base 9, what is 578 - -12?
601
In base 4, what is 1 + 132101?
132102
In base 11, what is -2 + 56?
54
In base 15, what is -c + 1b0?
1a3
In base 7, what is -65 - -4?
-61
In base 15, what is -5 - -d97?
d92
In base 6, what is 1121 + 2?
1123
In base 7, what is -15430 + -6?
-15436
In base 9, what is -2 + -4360?
-4362
In base 10, what is -46 - -27?
-19
In base 14, what is 3 + -1d4?
-1d1
In base 9, what is -4 - -251?
246
In base 3, what is 11010 - -20?
11100
In base 4, what is 0 - 113?
-113
In base 14, what is 755 + -1?
754
In base 11, what is -5 + 34?
2a
In base 9, what is -40 - -4?
-35
In base 4, what is -113031 - 10?
-113101
In base 13, what is -146 - -3?
-143
In base 10, what is 4 + 106?
110
In base 8, what is 0 + -146?
-146
In base 2, what is 100 - 101110?
-101010
In base 16, what is -12 + 10?
-2
In base 16, what is 1 - 27d?
-27c
In base 9, what is 80 + 17?
107
In base 8, what is 1 + 20?
21
In base 10, what is 16 + -470?
-454
In base 4, what is 33 - 103?
-10
In base 8, what is -5 - -1075?
1070
In base 3, what is -10 + -2001?
-2011
In base 8, what is 2 + 55?
57
In base 11, what is 28 - 9?
1a
In base 13, what is 5 + 17a?
182
In base 6, what is -304 - -13?
-251
In base 9, what is -4 - -827?
823
In base 2, what is 1010 - 100?
110
In base 3, what is 2 - -11121?
11200
In base 10, what is 2 + -5?
-3
In base 15, what is 38 - -1?
39
In base 2, what is 110 - 11111011?
-11110101
In base 16, what is -1 - 1e5?
-1e6
In base 13, what is 5a9 + 0?
5a9
In base 5, what is -14 + -20414?
-20433
In base 2, what is -11000 - 1011?
-100011
In base 10, what is -80 - 17?
-97
In base 5, what is 4 - -231?
240
In base 15, what is -6 - -17?
11
In base 16, what is -1d76 - 3?
-1d79
In base 6, what is 34 + 32?
110
In base 10, what is -4 - 331?
-335
In base 9, what is -10 - -2?
-7
In base 10, what is -1928 + 11?
-1917
In base 8, what is 22 + 234?
256
In base 10, what is -5 - -253?
248
In base 4, what is -221231 + 2?
-221223
In base 13, what is -c5b - 3?
-c61
In base 6, what is 3055 - 1?
3054
In base 6, what is -10 - 13?
-23
In base 10, what is 119 - 2?
117
In base 7, what is -101 - 4?
-105
In base 8, what is 21 - 13?
6
In base 8, what is 6 + -4523?
-4515
In base 4, what is 332 - -322?
1320
In base 15, what is -4 + 15?
11
In base 3, what is -12 - 1210?
-1222
In base 12, what is 9 - 23?
-16
In base 9, what is -25 + 17?
-7
In base 14, what is -1a85 - 4?
-1a89
In base 4, what is 21231 - 21?
21210
In base 11, what is 1a3 + -1?
1a2
In base 7, what is 1631 - 1?
1630
In base 3, what is 2200010 - -11?
2200021
In base 2, what is -1 + 1111100?
1111011
In base 15, what is -1 + 3e8?
3e7
In base 12, what is 18 - -8?
24
In base 14, what is -71d6 + -4?
-71da
In base 15, what is -5 + 3bb?
3b6
In base 12, what is 1067 + -1?
1066
In base 13, what is 4 - 1606?
-1602
In base 4, what is -3 + -322?
-331
In base 7, what is -46 - 54?
-133
In base 10, what is -1 - -62?
61
In base 15, what is 4 + bb5?
bb9
In base 7, what is -11 + -40?
-51
In base 9, what is -11 - 83?
-104
In base 8, what is -4343 + 1?
-4342
In base 4, what is -2 + 32202?
32200
In base 7, what is -256 + -3?
-262
In base 9, what is 12 + -40?
-27
In base 13, what is a8 + -1?
a7
In base 11, what is 4467 + 3?
446a
In base 16, what is -10 - -8?
-8
In base 4, what is -21 + 10221?
10200
In base 5, what is 410 + -131?
224
In base 8, what is -17 - 2405?
-2424
In base 6, what is 35 - -41?
120
In base 8, what is -6 - 63?
-71
In base 13, what is -5 - -550?
548
In base 11, what is 1 - -1048?
1049
In base 12, what is 0 + -1016?
-1016
In base 13, what is -3a + -4?
-41
In base 15, what is 2 + -2323?
-2321
In base 7, what is -6 - -5?
-1
In base 12, what is -8 + -23?
-2b
In base 10, what is -262 - 4?
-266
In base 12, what is -3 + 5?
2
In base 5, what is 3020 - -23?
3043
In base 16, what is -5 - -34?
2f
In base 3, what is -12102 + -12?
-12121
In base 14, what is -18a + 1?
-189
In base 11, what is -11 + 19?
8
In base 11, what is 13 - 16?
-3
In base 13, what is -2b1 - 2?
-2b3
In base 4, what is -11 + -1?
-12
In base 15, what is -b + c?
1
In base 16, what is 3 - -e?
11
In base 15, what is a - -13?
1d
In base 11, what is -3 - -2a7?
2a4
In base 4, what is 2202 - -2?
2210
In base 4, what is -1 + 12311?
12310
In base 2, what is 10 + 1000101?
1000111
In base 13, what is 4 - 60?
-59
In base 13, what is -11 - -58?
47
In base 14, what is d39 - 0?
d39
In base 8, what is 30466 - -1?
30467
In base 10, what is 144 + 5?
149
In base 16, what is -8 - -107?
ff
In base 13, what is -3 - 28c?
-292
In base 3, what is 2100011 + -10?
2100001
In base 14, what is 2 + -10?
-c
In base 6, what is 14 + -2142?
-2124
In base 2, what is -1010011101 - 100?
-1010100001
In base 9, what is 1 - -34?
35
In base 9, what is -3 + 1674?
1671
In base 16, what is -12 + 7?
-b
In base 8, what is -42 + -774?
-1036
In base 6, what is -1331 - 1?
-1332
In base 14, what is -7d + -1c?
-9b
In base 11, what is -720 + 1?
-71a
In base 14, what is -11 + 2?
-d
In base 7, what is -261 - 4?
-265
In base 8, what is -1 - -156?
155
In base 4, what is 2 + -113?
-111
In base 7, what is -21 + 1106?
1055
In base 5, what is -110 + -1334?
-1444
In base 5, what is -314 - 0?
-314
In base 7, what is 2 - -3602?
3604
In base 2, what is -111110000101 - -110?
-111101111111
In base 7, what is -354 + 24?
-330
In base 9, what is -1 + 168?
167
In base 7, what is -22 + -16?
-41
In base 13, what is 20 - 4c?
-2c
In base 10, what is 5 + -4781?
-4776
In base 5, what is 32 + 303?
340
In base 8, what is 6071 + -4?
6065
In base 16, what is 194 + -f?
185
In base 4, what is 1332 - 1?
1331
In base 4, what is 113 + 10102?
10221
In base 3, what is 10 - -2110?
2120
In base 11, what is 2 + 1132?
1134
In base 3, what is 2121120 - -10?
2121200
In base 13, what is 1a6 + -4?
1a2
In base 5, what is -42 + -23?
-120
In base 12, what is 174 + -14?
160
In base 15, what is c + 2?
e
In base 3, what is -101102 - -210?
-100122
In base 8, what is 37052 - 1?
37051
In base 9, what is 1 - -1856?
1857
In base 12, what is -a - -a0?
92
In base 8, what is -20 - -77?
57
In base 3, what is -10102 + -11?
-10120
In base 8, what is 11 + 406?
417
In base 3, what is -1 + -1000?
-1001
In base 13, what is b44 + 2?
b46
In base 13, what is b0 + 12?
c2
In base 16, what is 4 - -ce?
d2
In base 9, what is -7 - -28?
21
In base 16, what is 5 + -10e?
-109
In base 11, what is -56 + -6?
-61
In base 3, what is 11 - 21021?
-21010
In base 9, what is 5 + -31?
-25
In base 16, what is 4 + -aa?
-a6
In base 16, what is 43 + 4?
47
In base 15, what is c0 + -1?
be
In base 15, what is 17 - 10?
7
In base 5, what is 210 + -10?
200
In base 12, what is 5 - 263?
-25a
In base 14, what is -3 - -a0?
9b
In base 9, what is 2 + 3813?
3815
In base 12, what is -4 - 261?
-265
In base 15, what is 0 - 3a?
-3a
In base 15, what is 1e - 216?
-1e7
In base 4, what is 2312 - -12?
2330
In base 9, what is 1 + 437?
438
In base 13, what is 1b1 + 4?
1b5
In base 15, what is 146 - -3?
149
In base 15, what is -2 - 9?
-b
In base 8, what is 13373 + -4?
13367
In base 4, what is 122 + -21?
101
In base 3, what is -100 - -200?
100
In base 11, what is 2942 - 1?
2941
In base 15, what is -38a + -5?
-390
In base 2, wh